 common factor of 34 and 1462?
34
Calculate the greatest common divisor of 356 and 89.
89
What is the greatest common divisor of 424 and 16?
8
Calculate the highest common divisor of 66 and 12.
6
What is the highest common factor of 1 and 279?
1
Calculate the highest common divisor of 1300 and 195.
65
Calculate the greatest common factor of 64 and 44.
4
What is the highest common factor of 370 and 335?
5
Calculate the highest common factor of 550 and 814.
22
Calculate the greatest common factor of 395 and 5.
5
Calculate the highest common factor of 1520 and 30.
10
Calculate the greatest common factor of 350 and 250.
50
Calculate the highest common factor of 170 and 90.
10
Calculate the greatest common factor of 675 and 12375.
225
Calculate the highest common divisor of 18 and 9.
9
Calculate the highest common factor of 4 and 5242.
2
What is the greatest common factor of 18 and 3546?
18
What is the greatest common divisor of 110 and 22?
22
What is the highest common divisor of 1159 and 671?
61
Calculate the highest common factor of 17584 and 14.
14
What is the greatest common factor of 649 and 11?
11
Calculate the highest common factor of 7 and 5509.
7
What is the highest common divisor of 24 and 162?
6
What is the greatest common divisor of 19166 and 14?
14
What is the greatest common factor of 38 and 4?
2
Calculate the greatest common divisor of 238 and 2576.
14
What is the greatest common factor of 195 and 38935?
65
What is the greatest common factor of 75 and 275?
25
What is the highest common divisor of 76 and 1?
1
What is the highest common divisor of 874 and 598?
46
Calculate the highest common divisor of 27 and 54.
27
Calculate the highest common divisor of 15 and 1.
1
What is the greatest common factor of 7 and 4?
1
Calculate the greatest common factor of 36679 and 43.
43
Calculate the greatest common factor of 1633 and 71.
71
What is the highest common divisor of 312 and 40?
8
What is the greatest common factor of 52 and 3328?
52
Calculate the greatest common factor of 20 and 156.
4
Calculate the highest common factor of 147 and 48.
3
Calculate the highest common factor of 736 and 64.
32
Calculate the highest common factor of 220 and 395.
5
Calculate the highest common factor of 128 and 7936.
128
What is the highest common divisor of 30 and 160?
10
What is the greatest common divisor of 3225 and 2175?
75
Calculate the highest common factor of 114 and 38.
38
Calculate the highest common factor of 246 and 656.
82
Calculate the greatest common divisor of 583 and 1272.
53
Calculate the highest common divisor of 64 and 216.
8
Calculate the greatest common factor of 12 and 1572.
12
What is the greatest common factor of 352 and 22?
22
Calculate the highest common factor of 25139 and 23.
23
What is the greatest common divisor of 6370 and 130?
130
What is the highest common factor of 1040 and 240?
80
What is the highest common factor of 53 and 424?
53
What is the highest common factor of 115 and 25?
5
Calculate the greatest common factor of 2800 and 1000.
200
What is the highest common factor of 525 and 2250?
75
What is the greatest common factor of 7748 and 52?
52
What is the greatest common divisor of 2595 and 15?
15
Calculate the greatest common divisor of 276 and 2508.
12
Calculate the greatest common factor of 12675 and 25.
25
What is the greatest common divisor of 399 and 665?
133
What is the greatest common factor of 30 and 730?
10
Calculate the highest common divisor of 45 and 72.
9
What is the highest common divisor of 1 and 32?
1
What is the greatest common divisor of 28 and 91?
7
Calculate the greatest common divisor of 99 and 27.
9
What is the highest common divisor of 1452 and 9?
3
What is the greatest common factor of 52 and 5889?
13
What is the greatest common divisor of 19899 and 99?
99
Calculate the greatest common factor of 63 and 721.
7
Calculate the greatest common factor of 54 and 729.
27
Calculate the highest common divisor of 1815 and 15.
15
Calculate the highest common factor of 340 and 119.
17
What is the greatest common divisor of 412 and 515?
103
What is the greatest common divisor of 24 and 24?
24
Calculate the highest common factor of 247 and 19.
19
Calculate the greatest common divisor of 10540 and 272.
68
What is the highest common divisor of 158 and 4266?
158
What is the greatest common divisor of 798 and 210?
42
Calculate the highest common factor of 63118 and 19.
19
What is the greatest common divisor of 57 and 1140?
57
Calculate the greatest common divisor of 144 and 216.
72
What is the greatest common factor of 58152 and 12?
12
What is the greatest common factor of 170 and 120?
10
Calculate the greatest common factor of 279 and 31.
31
What is the greatest common factor of 6 and 942?
6
Calculate the greatest common factor of 56 and 256.
8
Calculate the highest common factor of 3289 and 253.
253
Calculate the greatest common factor of 90 and 15.
15
Calculate the greatest common divisor of 360 and 72.
72
Calculate the highest common divisor of 243 and 78.
3
What is the highest common factor of 168 and 24?
24
What is the greatest common factor of 72 and 882?
18
Calculate the greatest common factor of 99 and 792.
99
Calculate the highest common factor of 15 and 267.
3
Calculate the highest common divisor of 88 and 1232.
88
Calculate the greatest common factor of 30 and 42.
6
What is the highest common divisor of 28 and 14?
14
Calculate the highest common divisor of 13 and 169.
13
What is the highest common divisor of 3 and 6?
3
What is the highest common divisor of 11 and 22?
11
Calculate the highest common factor of 17 and 8194.
17
Calculate the greatest common divisor of 28 and 20.
4
What is the greatest common divisor of 18 and 1764?
18
What is the greatest common factor of 752 and 16?
16
Calculate the highest common divisor of 18 and 576.
18
What is the greatest common divisor of 10153 and 22?
11
What is the highest common factor of 637 and 1183?
91
What is the greatest common divisor of 485 and 1261?
97
Calculate the greatest common divisor of 605 and 5.
5
What is the highest common divisor of 6 and 6051?
3
What is the greatest common divisor of 15 and 60?
15
Calculate the highest common factor of 11952 and 240.
48
What is the greatest common divisor of 895 and 10?
5
What is the highest common factor of 77 and 4?
1
What is the greatest common divisor of 45 and 4815?
45
What is the greatest common divisor of 1848 and 3864?
168
What is the greatest common divisor of 50 and 2690?
10
Calculate the greatest common factor of 770 and 14.
14
Calculate the greatest common factor of 39 and 13.
13
What is the greatest common factor of 686 and 70?
14
What is the highest common factor of 3190 and 3080?
110
What is the highest common factor of 559 and 104?
13
Calculate the highest common divisor of 10 and 710.
10
Calculate the greatest common divisor of 14 and 4.
2
Calculate the highest common factor of 51 and 153.
51
Calculate the greatest common factor of 856 and 5029.
107
What is the highest common divisor of 189 and 675?
27
What is the highest common divisor of 995 and 20?
5
What is the highest common factor of 2691 and 468?
117
What is the greatest common divisor of 23 and 506?
23
Calculate the highest common divisor of 204 and 1104.
12
Calculate the greatest common factor of 2 and 27.
1
What is the highest common factor of 75798 and 18?
18
What is the greatest common divisor of 3 and 12?
3
Calculate the greatest common divisor of 56 and 854.
14
What is the highest common factor of 2650 and 100?
50
What is the greatest common factor of 110 and 8734?
22
Calculate the highest common divisor of 52 and 12.
4
What is the highest common factor of 585 and 180?
45
What is the highest common divisor of 105 and 483?
21
What is the highest common divisor of 4335 and 17?
17
What is the highest common divisor of 574 and 656?
82
Calculate the highest common divisor of 1282 and 3.
1
What is the highest common factor of 36 and 252?
36
What is the highest common factor of 1220 and 4148?
244
Calculate the greatest common divisor of 36 and 63.
9
What is the greatest common divisor of 10 and 75?
5
Calculate the greatest common divisor of 216 and 16.
8
What is the greatest common factor of 184 and 23?
23
Calculate the highest common